{"id":20,"date":"2020-06-10T07:57:14","date_gmt":"2020-06-10T07:57:14","guid":{"rendered":"http:\/\/2020.thueringer-landfrauenverband.info\/?page_id=20"},"modified":"2024-02-28T09:21:09","modified_gmt":"2024-02-28T07:21:09","slug":"geschichte-der-landfrauen","status":"publish","type":"page","link":"https:\/\/www.thueringer-landfrauenverband.info\/?page_id=20","title":{"rendered":"Geschichte der LandFrauen"},"content":{"rendered":"<p>[et_pb_section fb_built=&#8220;1&#8243; next_background_color=&#8220;#ffffff&#8220; admin_label=&#8220;Header&#8220; _builder_version=&#8220;4.16&#8243; background_color=&#8220;#fcefc7&#8243; background_image=&#8220;https:\/\/www.thueringer-landfrauenverband.info\/wp-content\/uploads\/2020\/09\/agriculture-1845835_640.jpg&#8220; min_height=&#8220;345.4px&#8220; custom_margin=&#8220;||||false&#8220; custom_padding=&#8220;5vw||6vw||false|false&#8220; bottom_divider_style=&#8220;curve&#8220; global_colors_info=&#8220;{}&#8220;][et_pb_row _builder_version=&#8220;4.16&#8243; min_height=&#8220;117px&#8220; global_colors_info=&#8220;{}&#8220;][et_pb_column type=&#8220;4_4&#8243; _builder_version=&#8220;4.16&#8243; custom_padding=&#8220;|||&#8220; global_colors_info=&#8220;{}&#8220; custom_padding__hover=&#8220;|||&#8220;][et_pb_text _builder_version=&#8220;4.16&#8243; text_font=&#8220;||||||||&#8220; ul_font=&#8220;||||||||&#8220; ol_font=&#8220;||||||||&#8220; header_font=&#8220;|500||on|||||&#8220; header_font_size=&#8220;18px&#8220; header_letter_spacing=&#8220;5px&#8220; header_line_height=&#8220;1.5em&#8220; header_2_font=&#8220;|||on|||||&#8220; header_2_text_color=&#8220;#c47f00&#8243; header_2_font_size=&#8220;60px&#8220; header_2_letter_spacing=&#8220;5px&#8220; header_2_line_height=&#8220;1.4em&#8220; header_3_font=&#8220;||||||||&#8220; header_4_font=&#8220;||||||||&#8220; header_5_font=&#8220;||||||||&#8220; header_6_font=&#8220;||||||||&#8220; text_orientation=&#8220;center&#8220; header_font_size_tablet=&#8220;&#8220; header_font_size_phone=&#8220;12px&#8220; header_font_size_last_edited=&#8220;on|desktop&#8220; header_2_font_size_tablet=&#8220;50px&#8220; header_2_font_size_phone=&#8220;30px&#8220; header_2_font_size_last_edited=&#8220;on|desktop&#8220; text_text_shadow_style=&#8220;preset5&#8243; global_colors_info=&#8220;{}&#8220;]<\/p>\n<h2><strong>Geschichte der Landfrauen<\/strong><\/h2>\n<p>[\/et_pb_text][\/et_pb_column][\/et_pb_row][\/et_pb_section][et_pb_section fb_built=&#8220;1&#8243; custom_padding_last_edited=&#8220;on|tablet&#8220; admin_label=&#8220;About Me&#8220; _builder_version=&#8220;4.16&#8243; background_enable_color=&#8220;off&#8220; custom_padding=&#8220;2vw|0px|0vw|0px|false|false&#8220; custom_padding_tablet=&#8220;||10vw|&#8220; custom_padding_phone=&#8220;&#8220; top_divider_style=&#8220;curve&#8220; top_divider_color=&#8220;#ffffff&#8220; top_divider_height=&#8220;6vw&#8220; top_divider_flip=&#8220;vertical&#8220; bottom_divider_style=&#8220;curve&#8220; bottom_divider_color=&#8220;#fcefc7&#8243; bottom_divider_height=&#8220;10vw&#8220; bottom_divider_repeat=&#8220;0.5x&#8220; global_colors_info=&#8220;{}&#8220;][et_pb_row column_structure=&#8220;1_3,2_3&#8243; _builder_version=&#8220;4.16&#8243; custom_margin=&#8220;|410px||auto||&#8220; custom_margin_tablet=&#8220;|auto|||false|false&#8220; custom_margin_phone=&#8220;&#8220; custom_margin_last_edited=&#8220;on|tablet&#8220; custom_padding=&#8220;||60px||false|false&#8220; global_colors_info=&#8220;{}&#8220;][et_pb_column type=&#8220;1_3&#8243; _builder_version=&#8220;4.16&#8243; custom_padding=&#8220;|||&#8220; global_colors_info=&#8220;{}&#8220; custom_padding__hover=&#8220;|||&#8220;][et_pb_image src=&#8220;http:\/\/2020.thueringer-landfrauenverband.info\/wp-content\/uploads\/2020\/06\/Elisabet_Boehm.jpg&#8220; title_text=&#8220;Elisabet_Boehm&#8220; align=&#8220;center&#8220; align_tablet=&#8220;center&#8220; align_phone=&#8220;&#8220; align_last_edited=&#8220;on|desktop&#8220; _builder_version=&#8220;4.21.0&#8243; width=&#8220;97%&#8220; min_height=&#8220;25px&#8220; custom_margin=&#8220;||-1px|||&#8220; custom_padding=&#8220;||26px|13px||&#8220; animation_style=&#8220;zoom&#8220; animation_intensity_zoom=&#8220;10%&#8220; border_radii=&#8220;on|10px|10px|10px|10px&#8220; animation=&#8220;top&#8220; global_colors_info=&#8220;{}&#8220;][\/et_pb_image][et_pb_text _builder_version=&#8220;4.16&#8243; text_orientation=&#8220;right&#8220; width=&#8220;94.8%&#8220; custom_margin=&#8220;||||false|false&#8220; custom_margin_tablet=&#8220;&#8220; custom_margin_phone=&#8220;&#8220; custom_margin_last_edited=&#8220;on|tablet&#8220; custom_padding=&#8220;|22px|||false|false&#8220; text_orientation_tablet=&#8220;center&#8220; text_orientation_phone=&#8220;right&#8220; text_orientation_last_edited=&#8220;on|desktop&#8220; global_colors_info=&#8220;{}&#8220;]<\/p>\n<p>Elisabet Boehm<br \/>\n* 27.09.1859<br \/>\n\u2020 30.05.1943<\/p>\n<p>[\/et_pb_text][\/et_pb_column][et_pb_column type=&#8220;2_3&#8243; _builder_version=&#8220;4.16&#8243; custom_padding=&#8220;|||&#8220; global_colors_info=&#8220;{}&#8220; custom_padding__hover=&#8220;|||&#8220;][et_pb_text _builder_version=&#8220;4.16&#8243; text_font=&#8220;||||||||&#8220; text_line_height=&#8220;2em&#8220; header_font=&#8220;||||||||&#8220; header_2_font=&#8220;Merriweather|700|||||||&#8220; header_2_font_size=&#8220;36px&#8220; header_2_line_height=&#8220;1.6em&#8220; width=&#8220;96%&#8220; custom_margin_tablet=&#8220;&#8220; custom_margin_phone=&#8220;&#8220; custom_margin_last_edited=&#8220;on|phone&#8220; custom_padding=&#8220;|24px||1px|false|false&#8220; header_2_font_size_tablet=&#8220;&#8220; header_2_font_size_phone=&#8220;20px&#8220; header_2_font_size_last_edited=&#8220;on|phone&#8220; locked=&#8220;off&#8220; global_colors_info=&#8220;{}&#8220;]<\/p>\n<h2><strong>Der Ursprung der LandFrauen<\/strong><\/h2>\n<p style=\"text-align: justify;\">Der Ursprung der LandFrauenbewegung reicht zur\u00fcck bis ins Ende des 19. Jahrhunderts. Gutsbesitzerin Elisabet Boehm gegr\u00fcndete 1898 im ost-preu\u00dfischen Rastenburg den ersten &#8222;Landwirtschaftlichen Hausfrauenverein&#8220;. Ziel war es, die Lebens- und Arbeitsverh\u00e4ltnisse von auf dem Lande lebender Frauen zu verbessern und ihnen Aus- und Weiterbildungen im l\u00e4ndlichen Raum zu erm\u00f6glichen, wobei der Schwerpunkt zun\u00e4chst auf eine l\u00e4ndlich- hauswirtschaftliche Weiterbildung und die Schaffung g\u00fcnstiger Absatz- m\u00f6glichkeiten der Produkte der l\u00e4ndlichen Hauswirtschaft gelegt wurde. Mit der Machtergreifung der Nationalsozialisten fand die vielf\u00e4ltige und durchaus erfolgreiche Arbeit des Reichsverbandes landwirtschaftlicher Hausfrauen-vereine als unabh\u00e4ngige Organisation zun\u00e4chst ein Ende.<br \/>Auf Initiative von Gr\u00e4fin Leutrum wurden aber bereits 1946 die ersten Wurzeln f\u00fcr einen Neubeginn der LandFrauenarbeit gelegt und so kam es am 20. Oktober 1948 zur Gr\u00fcndung des Deutschen LandFrauenverbandes. Heute ist der Deutsche LandFrauenverband als Interessenvertretung f\u00fcr Frauen und Familien im l\u00e4ndlichen Raum mit rund 450.000 Mitgliedern das gr\u00f6\u00dfte Frauennetzwerk in Deutschland. Die Th\u00fcringer LandFrauen sind ein Teil dieses Netzwerkes. Bundesweit setzt sich der dlv aus 22 Landesverb\u00e4nden mit 430 Kreis- und 12.000 Ortsvereinen zusammen. Bei der Gestaltung des gesellschaftlichen, politischen, sozialen und kulturellen Lebens im l\u00e4ndlichen Raum hat sich der LandFrauenverband zu einem unverzichtbaren Partner entwickelt<span style=\"font-size: 14px;\">.<\/span><\/p>\n<p>[\/et_pb_text][\/et_pb_column][\/et_pb_row][\/et_pb_section][et_pb_section fb_built=&#8220;1&#8243; admin_label=&#8220;Call to Action&#8220; _builder_version=&#8220;4.16&#8243; background_enable_color=&#8220;off&#8220; use_background_color_gradient=&#8220;on&#8220; background_color_gradient_stops=&#8220;#fcefc7 0%|rgba(107,96,55,0.8) 100%&#8220; background_color_gradient_overlays_image=&#8220;on&#8220; background_color_gradient_start=&#8220;#fcefc7&#8243; background_color_gradient_end=&#8220;rgba(107,96,55,0.8)&#8220; background_enable_image=&#8220;off&#8220; global_colors_info=&#8220;{}&#8220;][et_pb_row _builder_version=&#8220;4.16&#8243; custom_margin=&#8220;|411px||auto||&#8220; custom_padding=&#8220;|||2px||&#8220; global_colors_info=&#8220;{}&#8220;][et_pb_column type=&#8220;4_4&#8243; _builder_version=&#8220;4.16&#8243; custom_padding=&#8220;|||&#8220; global_colors_info=&#8220;{}&#8220; custom_padding__hover=&#8220;|||&#8220;][et_pb_text _builder_version=&#8220;4.17.4&#8243; text_font=&#8220;||||||||&#8220; text_text_color=&#8220;#000000&#8243; text_line_height=&#8220;2em&#8220; ul_font=&#8220;||||||||&#8220; ol_font=&#8220;||||||||&#8220; header_font=&#8220;||||||||&#8220; header_text_color=&#8220;#000000&#8243; header_2_font=&#8220;||||||||&#8220; header_2_text_color=&#8220;#000000&#8243; header_3_font=&#8220;|700|||||||&#8220; header_3_text_color=&#8220;#000000&#8243; header_3_font_size=&#8220;30px&#8220; header_3_line_height=&#8220;1.6em&#8220; header_4_font=&#8220;|700|||||||&#8220; header_4_text_color=&#8220;#15c39a&#8220; header_4_line_height=&#8220;1.8em&#8220; header_5_font=&#8220;||||||||&#8220; header_6_font=&#8220;||||||||&#8220; text_orientation=&#8220;center&#8220; background_layout=&#8220;dark&#8220; max_width=&#8220;715px&#8220; module_alignment=&#8220;center&#8220; custom_margin=&#8220;||||false|false&#8220; header_3_font_size_tablet=&#8220;&#8220; header_3_font_size_phone=&#8220;16px&#8220; header_3_font_size_last_edited=&#8220;on|desktop&#8220; header_4_font_size_tablet=&#8220;&#8220; header_4_font_size_phone=&#8220;14px&#8220; header_4_font_size_last_edited=&#8220;on|phone&#8220; locked=&#8220;off&#8220; global_colors_info=&#8220;{}&#8220;]<\/p>\n<h2><strong>Von 1990 bis heute<\/strong><\/h2>\n<p style=\"text-align: justify;\">Die Anf\u00e4nge des Th\u00fcringer LandFrauenverbandes begannen bereits1990 mit der am 23. Juni 1990 im Th\u00fcringer Bauernverband gegr\u00fcndeten LandFrauengruppe in Friemar. Darauf folgend schlossen sich beherzte Frauen aus Ettenhausen \/ Suhl am 22. Januar 1991 zum ersten LandFrauenortsverein zusammen. Die sich 1991 abzeichnende strukturelle Entwicklung im Agrarbereich sowie die gesellschaftlichen und wirtschaftlichen Ver\u00e4nderungen in Th\u00fcringen waren Anlass, den im l\u00e4ndlichen Raum lebenden Frauen neue Wirkungskreise zu bieten. So fiel die Entscheidung, aus der LandFrauengruppe des Th\u00fcringer Bauernverbandes einen eigenen Verband zu gr\u00fcnden. Am 19. Oktober 1991 war es soweit. In Ohrdruf gr\u00fcndeten 33 Frauen den Th\u00fcringer LandFrauenverband e.V.. Unsere erste Landesvorsitzende, B\u00e4rbel Markert, \u00e4u\u00dferte damals, dass die Frauen in den D\u00f6rfern \u201eAntrieb und Motor der Entwicklung der sozialen und kulturellen Entwicklung\u201c seien. Dies trifft auch heute noch zu, nach fast 30 Jahren des Bestehens unseres Verbandes.<\/p>\n<p>[\/et_pb_text][\/et_pb_column][\/et_pb_row][\/et_pb_section]<\/p>\n","protected":false},"excerpt":{"rendered":"<p>Geschichte der LandfrauenElisabet Boehm * 27.09.1859 \u2020 30.05.1943Der Ursprung der LandFrauen Der Ursprung der LandFrauenbewegung reicht zur\u00fcck bis ins Ende des 19. Jahrhunderts. Gutsbesitzerin Elisabet Boehm gegr\u00fcndete 1898 im ost-preu\u00dfischen Rastenburg den ersten &#8222;Landwirtschaftlichen Hausfrauenverein&#8220;. Ziel war es, die Lebens- und Arbeitsverh\u00e4ltnisse von auf dem Lande lebender Frauen zu verbessern und ihnen Aus- und Weiterbildungen [&hellip;]<\/p>\n","protected":false},"author":1,"featured_media":0,"parent":0,"menu_order":0,"comment_status":"closed","ping_status":"closed","template":"","meta":{"_et_pb_use_builder":"on","_et_pb_old_content":"","_et_gb_content_width":"","footnotes":""},"class_list":["post-20","page","type-page","status-publish","hentry"],"_links":{"self":[{"href":"https:\/\/www.thueringer-landfrauenverband.info\/index.php?rest_route=\/wp\/v2\/pages\/20","targetHints":{"allow":["GET"]}}],"collection":[{"href":"https:\/\/www.thueringer-landfrauenverband.info\/index.php?rest_route=\/wp\/v2\/pages"}],"about":[{"href":"https:\/\/www.thueringer-landfrauenverband.info\/index.php?rest_route=\/wp\/v2\/types\/page"}],"author":[{"embeddable":true,"href":"https:\/\/www.thueringer-landfrauenverband.info\/index.php?rest_route=\/wp\/v2\/users\/1"}],"replies":[{"embeddable":true,"href":"https:\/\/www.thueringer-landfrauenverband.info\/index.php?rest_route=%2Fwp%2Fv2%2Fcomments&post=20"}],"version-history":[{"count":39,"href":"https:\/\/www.thueringer-landfrauenverband.info\/index.php?rest_route=\/wp\/v2\/pages\/20\/revisions"}],"predecessor-version":[{"id":4291,"href":"https:\/\/www.thueringer-landfrauenverband.info\/index.php?rest_route=\/wp\/v2\/pages\/20\/revisions\/4291"}],"wp:attachment":[{"href":"https:\/\/www.thueringer-landfrauenverband.info\/index.php?rest_route=%2Fwp%2Fv2%2Fmedia&parent=20"}],"curies":[{"name":"wp","href":"https:\/\/api.w.org\/{rel}","templated":true}]}}

<p>[et_pb_section fb_built=&#8220;1&#8243; next_background_color=&#8220;#ffffff&#8220; admin_label=&#8220;Header&#8220; _builder_version=&#8220;4.16&#8243; background_color=&#8220;#fcefc7&#8243; background_image=&#8220;https://www.thueringer-landfrauenverband.info/wp-content/uploads/2020/09/agriculture-1845835_640.jpg&#8220; min_height=&#8220;345.4px&#8220; custom_margin=&#8220;||||false&#8220; custom_padding=&#8220;5vw||6vw||false|false&#8220; bottom_divider_style=&#8220;curve&#8220; global_colors_info=&#8220;{}&#8220;][et_pb_row _builder_version=&#8220;4.16&#8243; min_height=&#8220;117px&#8220; global_colors_info=&#8220;{}&#8220;][et_pb_column type=&#8220;4_4&#8243; _builder_version=&#8220;4.16&#8243; custom_padding=&#8220;|||&#8220; global_colors_info=&#8220;{}&#8220; custom_padding__hover=&#8220;|||&#8220;][et_pb_text _builder_version=&#8220;4.16&#8243; text_font=&#8220;||||||||&#8220; ul_font=&#8220;||||||||&#8220; ol_font=&#8220;||||||||&#8220; header_font=&#8220;|500||on|||||&#8220; header_font_size=&#8220;18px&#8220; header_letter_spacing=&#8220;5px&#8220; header_line_height=&#8220;1.5em&#8220; header_2_font=&#8220;|||on|||||&#8220; header_2_text_color=&#8220;#c47f00&#8243; header_2_font_size=&#8220;60px&#8220; header_2_letter_spacing=&#8220;5px&#8220; header_2_line_height=&#8220;1.4em&#8220; header_3_font=&#8220;||||||||&#8220; header_4_font=&#8220;||||||||&#8220; header_5_font=&#8220;||||||||&#8220; header_6_font=&#8220;||||||||&#8220; text_orientation=&#8220;center&#8220; header_font_size_tablet=&#8220;&#8220; header_font_size_phone=&#8220;12px&#8220; header_font_size_last_edited=&#8220;on|desktop&#8220; header_2_font_size_tablet=&#8220;50px&#8220; header_2_font_size_phone=&#8220;30px&#8220; header_2_font_size_last_edited=&#8220;on|desktop&#8220; text_text_shadow_style=&#8220;preset5&#8243; global_colors_info=&#8220;{}&#8220;]</p>
<h2><strong>Geschichte der Landfrauen</strong></h2>
<p>[/et_pb_text][/et_pb_column][/et_pb_row][/et_pb_section][et_pb_section fb_built=&#8220;1&#8243; custom_padding_last_edited=&#8220;on|tablet&#8220; admin_label=&#8220;About Me&#8220; _builder_version=&#8220;4.16&#8243; background_enable_color=&#8220;off&#8220; custom_padding=&#8220;2vw|0px|0vw|0px|false|false&#8220; custom_padding_tablet=&#8220;||10vw|&#8220; custom_padding_phone=&#8220;&#8220; top_divider_style=&#8220;curve&#8220; top_divider_color=&#8220;#ffffff&#8220; top_divider_height=&#8220;6vw&#8220; top_divider_flip=&#8220;vertical&#8220; bottom_divider_style=&#8220;curve&#8220; bottom_divider_color=&#8220;#fcefc7&#8243; bottom_divider_height=&#8220;10vw&#8220; bottom_divider_repeat=&#8220;0.5x&#8220; global_colors_info=&#8220;{}&#8220;][et_pb_row column_structure=&#8220;1_3,2_3&#8243; _builder_version=&#8220;4.16&#8243; custom_margin=&#8220;|410px||auto||&#8220; custom_margin_tablet=&#8220;|auto|||false|false&#8220; custom_margin_phone=&#8220;&#8220; custom_margin_last_edited=&#8220;on|tablet&#8220; custom_padding=&#8220;||60px||false|false&#8220; global_colors_info=&#8220;{}&#8220;][et_pb_column type=&#8220;1_3&#8243; _builder_version=&#8220;4.16&#8243; custom_padding=&#8220;|||&#8220; global_colors_info=&#8220;{}&#8220; custom_padding__hover=&#8220;|||&#8220;][et_pb_image src=&#8220;http://2020.thueringer-landfrauenverband.info/wp-content/uploads/2020/06/Elisabet_Boehm.jpg&#8220; title_text=&#8220;Elisabet_Boehm&#8220; align=&#8220;center&#8220; align_tablet=&#8220;center&#8220; align_phone=&#8220;&#8220; align_last_edited=&#8220;on|desktop&#8220; _builder_version=&#8220;4.21.0&#8243; width=&#8220;97%&#8220; min_height=&#8220;25px&#8220; custom_margin=&#8220;||-1px|||&#8220; custom_padding=&#8220;||26px|13px||&#8220; animation_style=&#8220;zoom&#8220; animation_intensity_zoom=&#8220;10%&#8220; border_radii=&#8220;on|10px|10px|10px|10px&#8220; animation=&#8220;top&#8220; global_colors_info=&#8220;{}&#8220;][/et_pb_image][et_pb_text _builder_version=&#8220;4.16&#8243; text_orientation=&#8220;right&#8220; width=&#8220;94.8%&#8220; custom_margin=&#8220;||||false|false&#8220; custom_margin_tablet=&#8220;&#8220; custom_margin_phone=&#8220;&#8220; custom_margin_last_edited=&#8220;on|tablet&#8220; custom_padding=&#8220;|22px|||false|false&#8220; text_orientation_tablet=&#8220;center&#8220; text_orientation_phone=&#8220;right&#8220; text_orientation_last_edited=&#8220;on|desktop&#8220; global_colors_info=&#8220;{}&#8220;]</p>
<p>Elisabet Boehm<br />
* 27.09.1859<br />
† 30.05.1943</p>
<p>[/et_pb_text][/et_pb_column][et_pb_column type=&#8220;2_3&#8243; _builder_version=&#8220;4.16&#8243; custom_padding=&#8220;|||&#8220; global_colors_info=&#8220;{}&#8220; custom_padding__hover=&#8220;|||&#8220;][et_pb_text _builder_version=&#8220;4.16&#8243; text_font=&#8220;||||||||&#8220; text_line_height=&#8220;2em&#8220; header_font=&#8220;||||||||&#8220; header_2_font=&#8220;Merriweather|700|||||||&#8220; header_2_font_size=&#8220;36px&#8220; header_2_line_height=&#8220;1.6em&#8220; width=&#8220;96%&#8220; custom_margin_tablet=&#8220;&#8220; custom_margin_phone=&#8220;&#8220; custom_margin_last_edited=&#8220;on|phone&#8220; custom_padding=&#8220;|24px||1px|false|false&#8220; header_2_font_size_tablet=&#8220;&#8220; header_2_font_size_phone=&#8220;20px&#8220; header_2_font_size_last_edited=&#8220;on|phone&#8220; locked=&#8220;off&#8220; global_colors_info=&#8220;{}&#8220;]</p>
<h2><strong>Der Ursprung der LandFrauen</strong></h2>
<p style="text-align: justify;">Der Ursprung der LandFrauenbewegung reicht zurück bis ins Ende des 19. Jahrhunderts. Gutsbesitzerin Elisabet Boehm gegründete 1898 im ost-preußischen Rastenburg den ersten &#8222;Landwirtschaftlichen Hausfrauenverein&#8220;. Ziel war es, die Lebens- und Arbeitsverhältnisse von auf dem Lande lebender Frauen zu verbessern und ihnen Aus- und Weiterbildungen im ländlichen Raum zu ermöglichen, wobei der Schwerpunkt zunächst auf eine ländlich- hauswirtschaftliche Weiterbildung und die Schaffung günstiger Absatz- möglichkeiten der Produkte der ländlichen Hauswirtschaft gelegt wurde. Mit der Machtergreifung der Nationalsozialisten fand die vielfältige und durchaus erfolgreiche Arbeit des Reichsverbandes landwirtschaftlicher Hausfrauen-vereine als unabhängige Organisation zunächst ein Ende.<br />Auf Initiative von Gräfin Leutrum wurden aber bereits 1946 die ersten Wurzeln für einen Neubeginn der LandFrauenarbeit gelegt und so kam es am 20. Oktober 1948 zur Gründung des Deutschen LandFrauenverbandes. Heute ist der Deutsche LandFrauenverband als Interessenvertretung für Frauen und Familien im ländlichen Raum mit rund 450.000 Mitgliedern das größte Frauennetzwerk in Deutschland. Die Thüringer LandFrauen sind ein Teil dieses Netzwerkes. Bundesweit setzt sich der dlv aus 22 Landesverbänden mit 430 Kreis- und 12.000 Ortsvereinen zusammen. Bei der Gestaltung des gesellschaftlichen, politischen, sozialen und kulturellen Lebens im ländlichen Raum hat sich der LandFrauenverband zu einem unverzichtbaren Partner entwickelt<span style="font-size: 14px;">.</span></p>
<p>[/et_pb_text][/et_pb_column][/et_pb_row][/et_pb_section][et_pb_section fb_built=&#8220;1&#8243; admin_label=&#8220;Call to Action&#8220; _builder_version=&#8220;4.16&#8243; background_enable_color=&#8220;off&#8220; use_background_color_gradient=&#8220;on&#8220; background_color_gradient_stops=&#8220;#fcefc7 0%|rgba(107,96,55,0.8) 100%&#8220; background_color_gradient_overlays_image=&#8220;on&#8220; background_color_gradient_start=&#8220;#fcefc7&#8243; background_color_gradient_end=&#8220;rgba(107,96,55,0.8)&#8220; background_enable_image=&#8220;off&#8220; global_colors_info=&#8220;{}&#8220;][et_pb_row _builder_version=&#8220;4.16&#8243; custom_margin=&#8220;|411px||auto||&#8220; custom_padding=&#8220;|||2px||&#8220; global_colors_info=&#8220;{}&#8220;][et_pb_column type=&#8220;4_4&#8243; _builder_version=&#8220;4.16&#8243; custom_padding=&#8220;|||&#8220; global_colors_info=&#8220;{}&#8220; custom_padding__hover=&#8220;|||&#8220;][et_pb_text _builder_version=&#8220;4.17.4&#8243; text_font=&#8220;||||||||&#8220; text_text_color=&#8220;#000000&#8243; text_line_height=&#8220;2em&#8220; ul_font=&#8220;||||||||&#8220; ol_font=&#8220;||||||||&#8220; header_font=&#8220;||||||||&#8220; header_text_color=&#8220;#000000&#8243; header_2_font=&#8220;||||||||&#8220; header_2_text_color=&#8220;#000000&#8243; header_3_font=&#8220;|700|||||||&#8220; header_3_text_color=&#8220;#000000&#8243; header_3_font_size=&#8220;30px&#8220; header_3_line_height=&#8220;1.6em&#8220; header_4_font=&#8220;|700|||||||&#8220; header_4_text_color=&#8220;#15c39a&#8220; header_4_line_height=&#8220;1.8em&#8220; header_5_font=&#8220;||||||||&#8220; header_6_font=&#8220;||||||||&#8220; text_orientation=&#8220;center&#8220; background_layout=&#8220;dark&#8220; max_width=&#8220;715px&#8220; module_alignment=&#8220;center&#8220; custom_margin=&#8220;||||false|false&#8220; header_3_font_size_tablet=&#8220;&#8220; header_3_font_size_phone=&#8220;16px&#8220; header_3_font_size_last_edited=&#8220;on|desktop&#8220; header_4_font_size_tablet=&#8220;&#8220; header_4_font_size_phone=&#8220;14px&#8220; header_4_font_size_last_edited=&#8220;on|phone&#8220; locked=&#8220;off&#8220; global_colors_info=&#8220;{}&#8220;]</p>
<h2><strong>Von 1990 bis heute</strong></h2>
<p style="text-align: justify;">Die Anfänge des Thüringer LandFrauenverbandes begannen bereits1990 mit der am 23. Juni 1990 im Thüringer Bauernverband gegründeten LandFrauengruppe in Friemar. Darauf folgend schlossen sich beherzte Frauen aus Ettenhausen / Suhl am 22. Januar 1991 zum ersten LandFrauenortsverein zusammen. Die sich 1991 abzeichnende strukturelle Entwicklung im Agrarbereich sowie die gesellschaftlichen und wirtschaftlichen Veränderungen in Thüringen waren Anlass, den im ländlichen Raum lebenden Frauen neue Wirkungskreise zu bieten. So fiel die Entscheidung, aus der LandFrauengruppe des Thüringer Bauernverbandes einen eigenen Verband zu gründen. Am 19. Oktober 1991 war es soweit. In Ohrdruf gründeten 33 Frauen den Thüringer LandFrauenverband e.V.. Unsere erste Landesvorsitzende, Bärbel Markert, äußerte damals, dass die Frauen in den Dörfern „Antrieb und Motor der Entwicklung der sozialen und kulturellen Entwicklung“ seien. Dies trifft auch heute noch zu, nach fast 30 Jahren des Bestehens unseres Verbandes.</p>
<p>[/et_pb_text][/et_pb_column][/et_pb_row][/et_pb_section]</p>

<p>Geschichte der LandfrauenElisabet Boehm * 27.09.1859 † 30.05.1943Der Ursprung der LandFrauen Der Ursprung der LandFrauenbewegung reicht zurück bis ins Ende des 19. Jahrhunderts. Gutsbesitzerin Elisabet Boehm gegründete 1898 im ost-preußischen Rastenburg den ersten &#8222;Landwirtschaftlichen Hausfrauenverein&#8220;. Ziel war es, die Lebens- und Arbeitsverhältnisse von auf dem Lande lebender Frauen zu verbessern und ihnen Aus- und Weiterbildungen [&hellip;]</p>
