{"id":2490,"date":"2021-06-02T12:16:25","date_gmt":"2021-06-02T10:16:25","guid":{"rendered":"https:\/\/www.thueringer-landfrauenverband.info\/?page_id=2490"},"modified":"2024-05-29T15:03:01","modified_gmt":"2024-05-29T13:03:01","slug":"landfrauen-agieren-nachhaltig","status":"publish","type":"page","link":"https:\/\/www.thueringer-landfrauenverband.info\/?page_id=2490","title":{"rendered":"LandFrauen agieren nachhaltig"},"content":{"rendered":"<p>[et_pb_section fb_built=&#8220;1&#8243; admin_label=&#8220;Hero&#8220; _builder_version=&#8220;4.24.3&#8243; background_color=&#8220;#6d9900&#8243; background_color_gradient_direction=&#8220;271deg&#8220; custom_padding=&#8220;0px||93px||false|false&#8220; bottom_divider_style=&#8220;curve&#8220; bottom_divider_color=&#8220;#FFFFFF&#8220; hover_enabled=&#8220;0&#8243; border_width_top=&#8220;2px&#8220; border_color_top=&#8220;#0c71c3&#8243; global_colors_info=&#8220;{}&#8220; title_text=&#8220;DALL\u00b7E 2024-05-29 15.00.01 &#8211; A beautiful field of white flowers under a clear blue sky. The scene should be bright and serene, with a gentle breeze suggested by the slight movemen&#8220; background_image=&#8220;https:\/\/www.thueringer-landfrauenverband.info\/wp-content\/uploads\/2024\/05\/DALL\u00b7E-2024-05-29-15.00.01-A-beautiful-field-of-white-flowers-under-a-clear-blue-sky.-The-scene-should-be-bright-and-serene-with-a-gentle-breeze-suggested-by-the-slight-movemen.webp&#8220; sticky_enabled=&#8220;0&#8243;][et_pb_row make_equal=&#8220;on&#8220; _builder_version=&#8220;4.24.3&#8243; background_size=&#8220;initial&#8220; background_position=&#8220;bottom_center&#8220; background_vertical_offset=&#8220;31%&#8220; background_repeat=&#8220;repeat&#8220; width=&#8220;82%&#8220; max_width=&#8220;174%&#8220; custom_margin=&#8220;|210px||auto||&#8220; custom_padding=&#8220;|||&#8220; hover_enabled=&#8220;0&#8243; use_custom_width=&#8220;on&#8220; width_unit=&#8220;off&#8220; custom_width_percent=&#8220;100%&#8220; global_colors_info=&#8220;{}&#8220; background_color=&#8220;rgba(221,221,221,0.52)&#8220; background_enable_image=&#8220;off&#8220; sticky_enabled=&#8220;0&#8243; module_alignment=&#8220;center&#8220; min_height=&#8220;100px&#8220; height=&#8220;375px&#8220; max_height=&#8220;384px&#8220; use_custom_gutter=&#8220;on&#8220;][et_pb_column type=&#8220;4_4&#8243; _builder_version=&#8220;4.16&#8243; custom_padding=&#8220;60px|0px|100px|10%&#8220; custom_padding_tablet=&#8220;20px|10%|0px|10%&#8220; custom_padding_phone=&#8220;&#8220; custom_padding_last_edited=&#8220;on|desktop&#8220; global_colors_info=&#8220;{}&#8220; custom_padding__hover=&#8220;|||&#8220;][et_pb_text _builder_version=&#8220;4.24.0&#8243; text_font=&#8220;||||||||&#8220; text_text_color=&#8220;#000000&#8243; header_font=&#8220;|700|||||||&#8220; header_text_color=&#8220;#000000&#8243; header_font_size=&#8220;35px&#8220; header_line_height=&#8220;1.3em&#8220; background_layout=&#8220;dark&#8220; custom_margin=&#8220;||0px|&#8220; animation_style=&#8220;zoom&#8220; animation_direction=&#8220;top&#8220; hover_enabled=&#8220;0&#8243; text_text_shadow_style=&#8220;preset1&#8243; text_text_shadow_horizontal_length=&#8220;0.29em&#8220; text_text_shadow_vertical_length=&#8220;0.23em&#8220; text_text_shadow_blur_strength=&#8220;0em&#8220; global_colors_info=&#8220;{}&#8220; sticky_enabled=&#8220;0&#8243;]<\/p>\n<h1><\/h1>\n<h1>Nachhaltigkeit und Umweltschutz<\/h1>\n<p>[\/et_pb_text][et_pb_text _builder_version=&#8220;4.24.0&#8243; text_font=&#8220;||on||||||&#8220; text_text_color=&#8220;#000000&#8243; text_font_size=&#8220;26px&#8220; text_line_height=&#8220;1.8em&#8220; header_font=&#8220;||||||||&#8220; background_color=&#8220;rgba(0,0,0,0)&#8220; background_layout=&#8220;dark&#8220; custom_margin=&#8220;||10px|&#8220; animation_style=&#8220;zoom&#8220; animation_direction=&#8220;top&#8220; animation_delay=&#8220;50ms&#8220; text_line_height_tablet=&#8220;1.8em&#8220; text_line_height_last_edited=&#8220;off|desktop&#8220; header_text_shadow_style=&#8220;preset1&#8243; header_text_shadow_color=&#8220;#000000&#8243; global_colors_info=&#8220;{}&#8220;]<\/p>\n<p>Th\u00fcringer LandFrauen<\/p>\n<p>[\/et_pb_text][et_pb_divider color=&#8220;#000000&#8243; divider_style=&#8220;groove&#8220; divider_position=&#8220;center&#8220; divider_weight=&#8220;1px&#8220; disabled_on=&#8220;on|on|on&#8220; _builder_version=&#8220;4.24.0&#8243; background_color=&#8220;RGBA(255,255,255,0)&#8220; max_width=&#8220;90px&#8220; max_width_tablet=&#8220;12%&#8220; max_width_last_edited=&#8220;off|desktop&#8220; custom_margin=&#8220;|||&#8220; animation_style=&#8220;flip&#8220; animation_delay=&#8220;100ms&#8220; disabled=&#8220;on&#8220; global_colors_info=&#8220;{}&#8220;][\/et_pb_divider][\/et_pb_column][\/et_pb_row][\/et_pb_section][et_pb_section fb_built=&#8220;1&#8243; admin_label=&#8220;Video&#8220; _builder_version=&#8220;4.16&#8243; min_height=&#8220;924.9px&#8220; custom_margin=&#8220;||-238px|||&#8220; custom_padding=&#8220;2vw|1px|0px||false|false&#8220; global_colors_info=&#8220;{}&#8220;][et_pb_row _builder_version=&#8220;4.17.6&#8243; background_color=&#8220;RGBA(0,0,0,0)&#8220; min_height=&#8220;1039.3px&#8220; custom_margin=&#8220;|auto|-58px|auto||&#8220; global_colors_info=&#8220;{}&#8220;][et_pb_column type=&#8220;4_4&#8243; _builder_version=&#8220;4.16&#8243; custom_padding=&#8220;|||&#8220; global_colors_info=&#8220;{}&#8220; custom_padding__hover=&#8220;|||&#8220;][et_pb_text _builder_version=&#8220;4.17.6&#8243; text_font=&#8220;||||||||&#8220; header_font=&#8220;||||||||&#8220; header_4_font=&#8220;Merriweather|700|||||||&#8220; header_4_font_size=&#8220;26px&#8220; background_color=&#8220;RGBA(0,0,0,0)&#8220; custom_margin=&#8220;||0px|&#8220; custom_padding=&#8220;||2px|||&#8220; header_2_font_size_tablet=&#8220;&#8220; header_2_font_size_phone=&#8220;&#8220; header_2_font_size_last_edited=&#8220;on|desktop&#8220; global_colors_info=&#8220;{}&#8220;]<\/p>\n<h2 style=\"text-align: center;\">Aktionen Nachhaltiges (Ab-) Waschen<\/h2>\n<p>&nbsp;<\/p>\n<p style=\"text-align: justify;\">Der Th\u00fcringer LandFrauenverband arbeitet mit dem Industrieverband K\u00f6rperpflege- und Waschmittel e. V. (IKW) zusammen.\u00a0 Der IKW ist Mitinitiator und Koordinationsb\u00fcro des <a href=\"https:\/\/www.forum-waschen.de\/\">FORUM WASCHEN\u00a0<\/a> und des Aktionstages Nachhaltiges (Ab-)Waschen. Das <a href=\"https:\/\/www.forum-waschen.de\/\">FORUM WASCHEN<\/a> ist eine Dialogplattform mit Akteuren, die sich f\u00fcr Nachaltigkeit in den Bereichen Waschen, Abwaschen und Reinigen im Haushalt engagieren.<\/p>\n<p style=\"text-align: justify;\">Diese setzt sich zusammen mit Fachleuten aus Beh\u00f6rden, Bundesministerien, Forschungsinstitutionen, einer Gewerkschaft, Herstellern von Wasch- und Reinigungsmitteln und Haushaltsger\u00e4ten, Umweltorganisationen, Universit\u00e4ten und Verbraucherverb\u00e4nden.<span style=\"color: #333333; font-family: 'Open Sans', sans-serif; font-size: 13.008px; font-style: normal; font-variant-ligatures: normal; font-variant-caps: normal; letter-spacing: normal; text-align: start; text-indent: 0px; text-transform: none; white-space: normal; word-spacing: 0px; -webkit-text-stroke-width: 0px; background-color: #fafafa; text-decoration-style: initial; text-decoration-color: initial; display: inline !important; float: none;\"><\/span>\u00a0<span style=\"color: #333333; font-family: 'Open Sans', sans-serif; font-size: 13.008px; font-style: normal; font-variant-ligatures: normal; font-variant-caps: normal; letter-spacing: normal; text-align: start; text-indent: 0px; text-transform: none; white-space: normal; word-spacing: 0px; -webkit-text-stroke-width: 0px; background-color: #fafafa; text-decoration-style: initial; text-decoration-color: initial; display: inline !important; float: none;\"> <\/span><\/p>\n<p style=\"text-align: justify;\">Unsere Frauen nehmen hier\u00fcber regelm\u00e4\u00dfig an Schulungen teil. Dieses Wissen, gepaart mit langj\u00e4hriger Erfahrung geben diese\u00a0 ausgebildeten Landfrauen dann in unterschiedlichsten Aktionen weiter. An dieser Stelle halten wir Sie \u00fcber aktuelle und geplante Aktionen auf dem Laufenden.<\/p>\n<p style=\"text-align: justify;\">\n<p style=\"text-align: justify;\">[\/et_pb_text][et_pb_text disabled_on=&#8220;off|off|off&#8220; _builder_version=&#8220;4.16&#8243; _module_preset=&#8220;default&#8220; global_colors_info=&#8220;{}&#8220;]<\/p>\n<p>&nbsp;<\/p>\n<h2 style=\"text-align: center;\">Der Aktionstag Nachhaltiges (Ab-)Waschen kommt zu Ihnen<\/h2>\n<p>&nbsp;<\/p>\n<p style=\"text-align: justify;\">Die entsprechend ausgebildeten und erfahrenen Landfrauen geben bundesweit ihr Wissen in regelm\u00e4\u00dfigen Aktionstagen weiter. Diese finden zum Beispiel in Schulen, Seniorenheimen und \u00fcberall dort wo Tipps und Tricks zum Thema Nachhaltigkeit beim (Ab-)Waschen angefragt werden.<\/p>\n<p style=\"text-align: justify;\">Einige LandFrauen haben sich das Thema &#8222;Waschen wir zu Omas Zeiten&#8220; auf die Fahne geschrieben und erfreuen sich explizit bei Kindern jedes Alters einer gro\u00dfen Nachfrage. Hier vergleichen Sie das Waschen von Heute, mit dem von gestern. Waschbretter, manuelle Schleudern und anderes wird nicht nur vorgef\u00fchrt, sondern die Kinder und Jugendlichen waschen selber mit den alten Ger\u00e4ten.<\/p>\n<p style=\"text-align: justify;\">Wenn Sie mehr wissen m\u00f6chten, Fragen haben, wenden Sie sich an unserer Gesch\u00e4ftstelle (<a href=\"mailto:info@tlv-erfurt.de\">info@tlv-erfurt.de<\/a>) oder telefonisch unter 0361\/6027901 &#8211; hier bekommen Sie gerne Auskunft.<\/p>\n<p style=\"text-align: justify;\">\n<p>[\/et_pb_text][\/et_pb_column][\/et_pb_row][\/et_pb_section][et_pb_section fb_built=&#8220;1&#8243; disabled_on=&#8220;off|off|off&#8220; _builder_version=&#8220;4.16&#8243; _module_preset=&#8220;default&#8220; min_height=&#8220;446.8px&#8220; custom_padding=&#8220;52px|||||&#8220; global_colors_info=&#8220;{}&#8220;][et_pb_row column_structure=&#8220;1_2,1_2&#8243; use_custom_gutter=&#8220;on&#8220; gutter_width=&#8220;0&#8243; _builder_version=&#8220;4.24.0&#8243; background_color=&#8220;#6d9900&#8243; min_height=&#8220;374.8px&#8220; custom_margin=&#8220;-49px|auto||auto||&#8220; custom_padding=&#8220;|||&#8220; global_colors_info=&#8220;{}&#8220;][et_pb_column type=&#8220;1_2&#8243; _builder_version=&#8220;4.16&#8243; custom_padding=&#8220;|||&#8220; global_colors_info=&#8220;{}&#8220; custom_padding__hover=&#8220;|||&#8220;][et_pb_code _builder_version=&#8220;4.16&#8243; _module_preset=&#8220;default&#8220; custom_padding=&#8220;0.7%|5%|||false|false&#8220; custom_padding_tablet=&#8220;&#8220; custom_padding_phone=&#8220;&#8220; custom_padding_last_edited=&#8220;on|desktop&#8220; global_colors_info=&#8220;{}&#8220;]<iframe loading=\"lazy\" width=\"560\" height=\"315\" src=\"https:\/\/www.youtube-nocookie.com\/embed\/VrQvI_ycK5U \" frameborder=\"0\" allow=\"accelerometer; autoplay; clipboard-write; encrypted-media; gyroscope; picture-in-picture\" allowfullscreen><\/iframe>[\/et_pb_code][\/et_pb_column][et_pb_column type=&#8220;1_2&#8243; _builder_version=&#8220;4.16&#8243; global_colors_info=&#8220;{}&#8220;][et_pb_text _builder_version=&#8220;4.24.0&#8243; text_font=&#8220;||||||||&#8220; text_text_color=&#8220;#000000&#8243; header_font=&#8220;||||||||&#8220; header_text_color=&#8220;#000000&#8243; header_2_font=&#8220;Merriweather|700|||||||&#8220; header_2_text_color=&#8220;#000000&#8243; header_2_font_size=&#8220;40px&#8220; header_2_line_height=&#8220;1.3em&#8220; custom_margin=&#8220;|||&#8220; custom_padding=&#8220;|||&#8220; global_colors_info=&#8220;{}&#8220;]<\/p>\n<h2>Nachhaltiges (Ab-) Waschen<\/h2>\n<p>[\/et_pb_text][et_pb_divider color=&#8220;#FFFFFF&#8220; divider_position=&#8220;center&#8220; divider_weight=&#8220;3px&#8220; _builder_version=&#8220;4.24.0&#8243; max_width=&#8220;90px&#8220; max_width_tablet=&#8220;13%&#8220; max_width_last_edited=&#8220;off|desktop&#8220; custom_margin=&#8220;15px|||&#8220; custom_padding=&#8220;|||&#8220; global_colors_info=&#8220;{}&#8220;][\/et_pb_divider][et_pb_text admin_label=&#8220;description&#8220; _builder_version=&#8220;4.24.0&#8243; text_font=&#8220;||||||||&#8220; text_text_color=&#8220;#000000&#8243; text_font_size=&#8220;20px&#8220; text_line_height=&#8220;1.3em&#8220; background_color=&#8220;#ffffff&#8220; text_orientation=&#8220;center&#8220; max_width_tablet=&#8220;89%&#8220; max_width_phone=&#8220;97%&#8220; max_width_last_edited=&#8220;off|desktop&#8220; custom_margin=&#8220;36px||||false|false&#8220; custom_padding=&#8220;26px||0px||false|false&#8220; border_width_all=&#8220;9px&#8220; border_color_all=&#8220;#6d9900&#8243; border_width_right=&#8220;33px&#8220; border_color_right=&#8220;#6d9900&#8243; global_colors_info=&#8220;{}&#8220;]<\/p>\n<p>Thema: Fleckentfernung<\/p>\n<p>Aktionstag der Gesch\u00e4ftsstelle des Th\u00fcringer LandFrauenverbandes<\/p>\n<p>&nbsp;<\/p>\n<p>[\/et_pb_text][\/et_pb_column][\/et_pb_row][\/et_pb_section][et_pb_section fb_built=&#8220;1&#8243; disabled_on=&#8220;off|off|off&#8220; _builder_version=&#8220;4.16&#8243; _module_preset=&#8220;default&#8220; min_height=&#8220;711.3px&#8220; global_colors_info=&#8220;{}&#8220;][et_pb_row _builder_version=&#8220;4.24.0&#8243; _module_preset=&#8220;default&#8220; background_color=&#8220;#6d9900&#8243; global_colors_info=&#8220;{}&#8220;][et_pb_column type=&#8220;4_4&#8243; _builder_version=&#8220;4.16&#8243; _module_preset=&#8220;default&#8220; global_colors_info=&#8220;{}&#8220;][et_pb_text _builder_version=&#8220;4.24.0&#8243; _module_preset=&#8220;default&#8220; background_color=&#8220;#FFFFFF&#8220; custom_padding=&#8220;5px|||||&#8220; border_width_right=&#8220;20px&#8220; border_color_right=&#8220;#6d9900&#8243; border_width_left=&#8220;20px&#8220; border_color_left=&#8220;#6d9900&#8243; global_colors_info=&#8220;{}&#8220;]<\/p>\n<h3 style=\"text-align: center;\">Aktionstag am 15.06.2021 auf der BUGA\/Gr\u00fcnes Klassenzimmer mit einer 10.Klasse<\/h3>\n<h3 style=\"text-align: center;\">der Staatlichen Regelschule &#8222;Andreas Fack&#8220; aus dem Unstrut-Hainisch-Kreis<\/h3>\n<p>[\/et_pb_text][\/et_pb_column][\/et_pb_row][et_pb_row column_structure=&#8220;1_3,1_3,1_3&#8243; _builder_version=&#8220;4.24.0&#8243; _module_preset=&#8220;default&#8220; background_color=&#8220;#6d9900&#8243; width=&#8220;36%&#8220; max_width=&#8220;780px&#8220; global_colors_info=&#8220;{}&#8220;][et_pb_column type=&#8220;1_3&#8243; _builder_version=&#8220;4.16&#8243; _module_preset=&#8220;default&#8220; global_colors_info=&#8220;{}&#8220;][et_pb_image src=&#8220;https:\/\/www.thueringer-landfrauenverband.info\/wp-content\/uploads\/2021\/06\/2021-06-15-Aktionstag-BUGA-Gruenes-Klassenzimmer-\u00a9GST-17-scaled.jpg&#8220; title_text=&#8220;2021-06-15 Aktionstag BUGA Gr\u00fcnes Klassenzimmer \u00a9GST (17)&#8220; _builder_version=&#8220;4.16&#8243; _module_preset=&#8220;default&#8220; global_colors_info=&#8220;{}&#8220;][\/et_pb_image][\/et_pb_column][et_pb_column type=&#8220;1_3&#8243; _builder_version=&#8220;4.16&#8243; _module_preset=&#8220;default&#8220; global_colors_info=&#8220;{}&#8220;][et_pb_image src=&#8220;https:\/\/www.thueringer-landfrauenverband.info\/wp-content\/uploads\/2021\/06\/2021-06-15-Aktionstag-BUGA-Gruenes-Klassenzimmer-\u00a9GST-1-scaled.jpg&#8220; title_text=&#8220;2021-06-15 Aktionstag BUGA Gr\u00fcnes Klassenzimmer \u00a9GST (1)&#8220; _builder_version=&#8220;4.16&#8243; _module_preset=&#8220;default&#8220; global_colors_info=&#8220;{}&#8220;][\/et_pb_image][\/et_pb_column][et_pb_column type=&#8220;1_3&#8243; _builder_version=&#8220;4.16&#8243; _module_preset=&#8220;default&#8220; global_colors_info=&#8220;{}&#8220;][et_pb_image src=&#8220;https:\/\/www.thueringer-landfrauenverband.info\/wp-content\/uploads\/2021\/06\/2021-06-15-Aktionstag-BUGA-Gruenes-Klassenzimmer-\u00a9GST-8-scaled.jpg&#8220; title_text=&#8220;2021-06-15 Aktionstag BUGA Gr\u00fcnes Klassenzimmer \u00a9GST (8)&#8220; _builder_version=&#8220;4.16&#8243; _module_preset=&#8220;default&#8220; global_colors_info=&#8220;{}&#8220;][\/et_pb_image][et_pb_image src=&#8220;https:\/\/www.thueringer-landfrauenverband.info\/wp-content\/uploads\/2021\/06\/2021-06-15-Aktionstag-BUGA-Gruenes-Klassenzimmer-\u00a9GST-6.jpg&#8220; title_text=&#8220;2021-06-15 Aktionstag BUGA Gr\u00fcnes Klassenzimmer \u00a9GST (6)&#8220; _builder_version=&#8220;4.16&#8243; _module_preset=&#8220;default&#8220; global_colors_info=&#8220;{}&#8220;][\/et_pb_image][\/et_pb_column][\/et_pb_row][\/et_pb_section]<\/p>\n","protected":false},"excerpt":{"rendered":"<p>Nachhaltigkeit und UmweltschutzTh\u00fcringer LandFrauenAktionen Nachhaltiges (Ab-) Waschen &nbsp; Der Th\u00fcringer LandFrauenverband arbeitet mit dem Industrieverband K\u00f6rperpflege- und Waschmittel e. V. (IKW) zusammen.\u00a0 Der IKW ist Mitinitiator und Koordinationsb\u00fcro des FORUM WASCHEN\u00a0 und des Aktionstages Nachhaltiges (Ab-)Waschen. Das FORUM WASCHEN ist eine Dialogplattform mit Akteuren, die sich f\u00fcr Nachaltigkeit in den Bereichen Waschen, Abwaschen und Reinigen [&hellip;]<\/p>\n","protected":false},"author":2,"featured_media":0,"parent":0,"menu_order":0,"comment_status":"closed","ping_status":"closed","template":"","meta":{"_et_pb_use_builder":"on","_et_pb_old_content":"","_et_gb_content_width":"","footnotes":""},"class_list":["post-2490","page","type-page","status-publish","hentry"],"_links":{"self":[{"href":"https:\/\/www.thueringer-landfrauenverband.info\/index.php?rest_route=\/wp\/v2\/pages\/2490","targetHints":{"allow":["GET"]}}],"collection":[{"href":"https:\/\/www.thueringer-landfrauenverband.info\/index.php?rest_route=\/wp\/v2\/pages"}],"about":[{"href":"https:\/\/www.thueringer-landfrauenverband.info\/index.php?rest_route=\/wp\/v2\/types\/page"}],"author":[{"embeddable":true,"href":"https:\/\/www.thueringer-landfrauenverband.info\/index.php?rest_route=\/wp\/v2\/users\/2"}],"replies":[{"embeddable":true,"href":"https:\/\/www.thueringer-landfrauenverband.info\/index.php?rest_route=%2Fwp%2Fv2%2Fcomments&post=2490"}],"version-history":[{"count":25,"href":"https:\/\/www.thueringer-landfrauenverband.info\/index.php?rest_route=\/wp\/v2\/pages\/2490\/revisions"}],"predecessor-version":[{"id":4453,"href":"https:\/\/www.thueringer-landfrauenverband.info\/index.php?rest_route=\/wp\/v2\/pages\/2490\/revisions\/4453"}],"wp:attachment":[{"href":"https:\/\/www.thueringer-landfrauenverband.info\/index.php?rest_route=%2Fwp%2Fv2%2Fmedia&parent=2490"}],"curies":[{"name":"wp","href":"https:\/\/api.w.org\/{rel}","templated":true}]}}